3 - 6*t**2 - 7*t - 7. Let c be s(g). List the prime factors of (3/6)/(c/210).
5, 7
List the prime factors of (-7)/(14/(-1226)) - (-2 + 0).
3, 5, 41
Suppose m - 4*o = 0, 4*m = 5*o + 15 - 4. Suppose 99 = -w + m*w. What are the prime factors of w?
3, 11
Let t = 115 + -43. Suppose 4*k = 5*b + 21, 2*b + 4*k - 18 = -k. What are the prime factors of (t/(-15))/(b/5)?
2, 3
Let n = -25 - -10. Let p be (-6)/n - (-28)/5. Let q(h) = h + 7. List the prime factors of q(p).
13
Suppose -3*r = 4*o + 38, 5*r = -2*o - 41 + 15. Let x = o - -10. Suppose -x*a - 14 = -3*a. List the prime factors of a.
2, 7
Let y(m) = m**2 + 6*m - 7. Let x be y(-6). Let o be (x/(-4))/(2/8). Suppose 0 = 5*k + o - 82. What are the prime factors of k?
3, 5
Let r = -3134 + 5724. List the prime factors of r.
2, 5, 7, 37
Let s(i) = -5*i**2 + 11*i + 3. Let r(n) = 3*n**2 - 7*n - 2. Let m(x) = -8*r(x) - 5*s(x). Let d be m(4). Let h = d + 28. What are the prime factors of h?
7
Let a = 10 + -22. Let c = 15 + a. What are the prime factors of 6/((-2)/(-4)*c)?
2
Suppose 4*a = -12, -2*b = 5*a - 10*a - 353. Let u = b + -84. List the prime factors of u.
5, 17
Let j = 953 + -296. What are the prime factors of j?
3, 73
Let b = 391 - 385. Let y(c) be the first derivative of c**2 + 14*c + 1. List the prime factors of y(b).
2, 13
Let a be (-1)/((-27)/15 + 2). Let n be 1352/28 - -1*2/(-7). Let x = a + n. What are the prime factors of x?
43
Suppose -1794 = -4*b + 3*x, 3*b + 896 = 5*b - x. List the prime factors of b.
3, 149
Let k(m) = -m**3 + 44*m**2 + 90*m + 2. List the prime factors of k(45).
2027
Suppose 0 = -17*w - 12*w + 12383. List the prime factors of w.
7, 61
Suppose -4*d = -3911 - 37. What are the prime factors of d?
3, 7, 47
Let z(u) = -28*u - 44. Let g be z(9). What are the prime factors of (-1)/(-8) + (-2035)/g?
7
Suppose 114 = 5*m + 14. Let a = -14 + m. List the prime factors of (a - -31)/(1 - 0).
37
List the prime factors of -14*(-1 - 28) + -6.
2, 5
Let u be 2357/5 + (-10)/25. Suppose -u = -7*t + 936. List the prime factors of t.
3, 67
Suppose 0 = -6*f + 1811 + 1129. What are the prime factors of f?
2, 5, 7
Let w(b) = 11*b**2 - 18*b - 131. What are the prime factors of w(-11)?
2, 3, 233
Let s = 90 - 88. What are the prime factors of (8/6)/(1/303*s)?
2, 101
Let t be 3/9 - (-40)/(-12). List the prime factors of (t - (-11)/5)*-5.
2
Suppose 0 = 2*a + 2*a - 56. Suppose 101 = t + a. List the prime factors of t.
3, 29
Let z(b) = 3 + 8*b - 3*b**2 + 5*b**2 + 6. Let d(c) = c - 3. Let f be d(-3). List the prime factors of z(f).
3, 11
Suppose 0 = -10*z + 2*z - 264. Let o = z - -83. What are the prime factors of o?
2, 5
Let y(b) = -b**3 + 27*b**2 + 19*b + 25. List the prime factors of y(23).
2, 1289
List the prime factors of 50 + -48 - 3020/(-2).
2, 3, 7
Let a(c) = c**2 + 71*c - 16. List the prime factors of a(19).
2, 7, 11
Let r = -924 + 914. Let j be (-1)/(-3) - 176/6. Let w = r - j. List the prime factors of w.
19
Let c(a) = -2*a**2 + 6*a - 6. Let y be c(4). Let o(q) = -q**3 - 15*q**2 - 16*q - 7. What are the prime factors of o(y)?
3, 7
Let p be -8 - (-1 + (-3)/3). Let m be (-1 + 6)*p/15. Let k(r) = r + 4. List the prime factors of k(m).
2
Suppose -v + 5*u + 21 = 9*u, 3*v + u = 30. Let g(b) = 17*b - 1. What are the prime factors of g(v)?
2, 19
Let h(l) = 9*l**2 + l + 6. Let d be h(-3). What are the prime factors of (19/(-2) + 1)/((-14)/d)?
3, 17
Let a = 31 - 32. Let q(f) = -75*f**3 - 2*f**2 + f + 2. List the prime factors of q(a).
2, 37
Let p = -21 - -17. List the prime factors of (-31)/p*-6*36/(-27).
2, 31
Let p be (1 - 23)*3/(-2). Let m = -23 + p. What are the prime factors of m?
2, 5
Let h = 77 - 47. List the prime factors of h/70 - (-340)/7.
7
Let f be (18/(-15))/(8/20). Let s be (44/(-3) + f)*-3. Suppose -2*k = -3*g - 33, 3*g - 4*g = 2*k - s. What are the prime factors of k?
2, 3
What are the prime factors of 8/(-10) + (-42084)/(-30)?
2, 701
Let s(l) = 3*l + 2. Let f be s(4). Let i = -14 + f. Let b = i - -4. What are the prime factors of b?
2
Suppose 45 = x + 5*h, 3*h + 11 + 10 = x. Suppose 2*y - 7*y + x = 0. List the prime factors of y.
2, 3
Suppose 5*v + 212 = k, -3*k = -5*v - 486 - 140. Let r = -127 + k. List the prime factors of r.
2, 5
List the prime factors of ((-1)/(-1))/(7/(-9989)*-1).
1427
Let f = 297 - -340. List the prime factors of f.
7, 13
Suppose 3*y - 651 = -4*g, 0 = 4*g + 4*y - 9*y - 675. List the prime factors of g.
3, 5, 11
Suppose 8 = o - 4*c, -4*o + 5*c = -0*c - 65. Let s = o - 13. Suppose -t + 4 + s = 0. List the prime factors of t.
11
Let t be (-13 + 0)*(6 - 8). Let h = 97 + t. List the prime factors of h.
3, 41
Let a(t) = t**3 + 5*t**2 + 5*t - 1. Let o be a(-4). Let r(f) = -2*f + 12. List the prime factors of r(o).
2, 11
Let i(m) = 321*m**2 - 33*m + 61. List the prime factors of i(2).
1279
Suppose -203 = 2*a + a - 4*j, 0 = -4*a + 3*j - 259. Let z = a - -110. Suppose 2*m - 22 = 3*f + z, -2*f + 10 = 0. List the prime factors of m.
43
Let d be -3*((-235)/3)/5. Suppose -3*i = -46 - d. Suppose -2*o + 3*o = 5*r + i, -3*r = 15. What are the prime factors of o?
2, 3
Let i(f) = -8*f**2 - 374*f - 11. What are the prime factors of i(-45)?
619
Let v be 22/6 - 5 - 44/(-6). Suppose v*p + 129 = 681. What are the prime factors of p?
2, 23
Let v = 444 + -298. Suppose -v = 6*k - 1034. List the prime factors of k.
2, 37
Suppose -64*p = 37532 - 207516. List the prime factors of p.
2, 83
Let g = 8 - 27. Let j(l) = l**3 - 5*l**2 + 2*l - 2. Let i be j(3). Let n = i - g. List the prime factors of n.
5
Let u(m) = 8*m + 16. Let a(c) = -11*c**3 + c**2 + 2*c + 1. Let h be a(-1). Let z be u(h). Suppose -4 = i, -4*k + z - 28 = -3*i. List the prime factors of k.
2
Let v(m) = m**3 - 12*m**2 + m - 8. Let l be v(12). Suppose d - l*d + 3*j + 402 = 0, 4*j = 0. What are the prime factors of d?
2, 67
Let z be (1 - -5)/(-2) + 27. Let y be (1*(-48)/(-10) + -4)*5. Suppose 0*c - 24 = -5*c - 4*u, y*u + z = c. List the prime factors of c.
2
Let z(c) = -138*c**3 - 5*c**2 - 8*c - 9. List the prime factors of z(-2).
1091
Suppose 37*m = -j + 39*m + 404, -m = 3. What are the prime factors of j?
2, 199
Let a be 1 - 3 - (5 - -263). List the prime factors of (a/8)/((-7)/28).
3, 5
Suppose 0 = -22*t + 9*t + 5811. List the prime factors of t.
3, 149
Let a = 13 - 10. Let y = a - -2. Suppose 0 = x + 2*r - 11, 5*x + 0*r - 50 = -y*r. What are the prime factors of x?
3
Let j = -21 + 26. Suppose 4*g - 124 = j*s, 4*s - 80 = -3*g - 18. List the prime factors of g/(-143) + (-246)/(-22).
11
Let r = -1130 + 1625. Suppose a + r = 6*a. List the prime factors of a.
3, 11
Let y be -5 + -111 - (2 + -1). Let g = 169 + y. List the prime factors of g.
2, 13
Let j be -16 - (-21 - -11) - 3. Let r(f) be the first derivative of 2*f**3/3 + 5*f**2 - 13*f + 1. What are the prime factors of r(j)?
59
Suppose -5*x = -505 - 585. List the prime factors of x.
2, 109
Suppose 0*r - 130 = -5*r. Suppose -2*h + 0*h - r = 0. Let b = h - -26. What are the prime factors of b?
13
Suppose -13*z + 20*z = 10626. List the prime factors of z.
2, 3, 11, 23
Suppose 5*m - 25 - 15 = 0. Let q be m - ((-2 - 1) + 6). Suppose 0 = -r - 4*r + q, 2*o + 3*r - 111 = 0. What are the prime factors of o?
2, 3
Suppose -3*o = -5*o + 5*a + 60, -3*o - 3*a + 69 = 0. Suppose 5*w = 3*i + o, i + 5 = -w + 2*w. Suppose 22 - 167 = -w*v. List the prime factors of v.
29
Let z(y) = y - 1. Let k be z(4). Suppose g = -3, 3*g - 15 = -w + 32. Suppose -v - w = -k*v. List the prime factors of v.
2, 7
Let b = 17 + 52. Let s = -31 + b. Let q = s + -18. List the prime factors of q.
2, 5
Suppose -10*f = -4*f + 12. Let s(c) = 2*c + 3. Let b be s(f). What are the prime factors of 1/(b/(-23)) + 1?
2, 3
Let n(p) = -p**2 + 16*p - 15. Let w be n(15). Suppose w = -3*i + i + 216. List the prime factors of i.
2, 3
Suppose 9*b - 2308 = 7034. List the prime factors of b.
2, 3, 173
Let l be (429/(-65))/((-1)/5). Let a = l + -53. List the prime factors of -2 - (0 + -3 + a).
3, 7
Suppose -48423 = -53*o + 4683. What are the prime factors of o?
2, 3, 167
What are the prime factors of 57/(-38)*-2*87?
3, 29
Suppose 9*x + 10 = 1. Let z be x/((-1)/(-3)) + 20. Let p = z - -9. List the prime factors of p.
2, 13
Suppose -8*t + 45 = 5. Let j(z) = 5*z**2 - 3*z - 7. List the prime factors of j(t).
103
Suppose 192 = -2*o + 2*g, 0 = -2*o